{"id":54,"date":"2022-07-29T15:55:15","date_gmt":"2022-07-29T15:55:15","guid":{"rendered":"http:\/\/ilia.uartes.edu.ec\/f-ilia\/todos-los-numeros\/"},"modified":"2026-03-13T10:46:18","modified_gmt":"2026-03-13T15:46:18","slug":"todos-los-numeros","status":"publish","type":"page","link":"https:\/\/ilia.uartes.edu.ec\/f-ilia\/todos-los-numeros\/","title":{"rendered":"Todos los n\u00fameros"},"content":{"rendered":"        <div class=\"wp-block-getwid-custom-post-type custom-post-type-page has-layout-grid\">\n            <div class=\"wp-block-getwid-custom-post-type__wrapper getwid-columns getwid-columns-3\">\n                \t\t\t\t\t\t\t\t<div class='wp-block-getwid-custom-post-type__post'>\n\t\t\t\t\t\t\t\t\t\n<div class=\"wp-block-getwid-custom-post-type__post-wrapper\">\n            <div class=\"wp-block-getwid-custom-post-type__post-thumbnail\">\n            <a href=\"https:\/\/ilia.uartes.edu.ec\/f-ilia\/no-11-abril-2025\/\"><img fetchpriority=\"high\" decoding=\"async\" width=\"740\" height=\"1024\" src=\"https:\/\/ilia.uartes.edu.ec\/f-ilia\/wp-content\/uploads\/sites\/28\/2025\/12\/portadaFIIA11.jpg\" class=\"attachment-post-thumbnail size-post-thumbnail wp-post-image\" alt=\"\" srcset=\"https:\/\/ilia.uartes.edu.ec\/f-ilia\/wp-content\/uploads\/sites\/28\/2025\/12\/portadaFIIA11.jpg 740w, https:\/\/ilia.uartes.edu.ec\/f-ilia\/wp-content\/uploads\/sites\/28\/2025\/12\/portadaFIIA11-217x300.jpg 217w, https:\/\/ilia.uartes.edu.ec\/f-ilia\/wp-content\/uploads\/sites\/28\/2025\/12\/portadaFIIA11-205x284.jpg 205w, https:\/\/ilia.uartes.edu.ec\/f-ilia\/wp-content\/uploads\/sites\/28\/2025\/12\/portadaFIIA11-480x664.jpg 480w\" sizes=\"(max-width: 740px) 100vw, 740px\" \/><\/a>\n        <\/div>\n        <div class=\"wp-block-getwid-custom-post-type__content-wrapper\">\n        <div class=\"wp-block-getwid-custom-post-type__post-header\">\n            <h3 class=\"wp-block-getwid-custom-post-type__post-title\"><a href=\"https:\/\/ilia.uartes.edu.ec\/f-ilia\/no-11-abril-2025\/\">No. 11 \u2013 Abril 2025<\/a><\/h3>        <\/div>\n        <div class=\"wp-block-getwid-custom-post-type__post-excerpt \"><p>Artes y (neo)extractivismos Pr\u00f3logo Fernando Montenegro Art\u00edculos Cartograf\u00eda de la manifestaci\u00f3n: cuerpos-protesta en el 8M en la ciudad de Chihuahua, M\u00e9xicoSahara C\u00e1rdenas Garc\u00eda Los trabajos de Edith Morales y Yohanna M. Roa, entre el archivo y el libro de artistaNatalia de la Rosa Espectro Derivas: arqueolog\u00edas de la memoria industrial a trav\u00e9s de mediaciones digitalesAlmendra [&hellip;]<\/p>\n<\/div>\n    <\/div>\n<\/div>\n\t\t\t\t\t\t\t\t<\/div>\n\t\t\t\t\t\t\t\t\t\t\t\t\t\t\t<div class='wp-block-getwid-custom-post-type__post'>\n\t\t\t\t\t\t\t\t\t\n<div class=\"wp-block-getwid-custom-post-type__post-wrapper\">\n            <div class=\"wp-block-getwid-custom-post-type__post-thumbnail\">\n            <a href=\"https:\/\/ilia.uartes.edu.ec\/f-ilia\/no-10-octubre-2024\/\"><img decoding=\"async\" width=\"1280\" height=\"1771\" src=\"https:\/\/ilia.uartes.edu.ec\/f-ilia\/wp-content\/uploads\/sites\/28\/2025\/03\/Completa-10-F-ILIA-17-de-marzo-de-2025-WEB-1.jpg\" class=\"attachment-post-thumbnail size-post-thumbnail wp-post-image\" alt=\"\" srcset=\"https:\/\/ilia.uartes.edu.ec\/f-ilia\/wp-content\/uploads\/sites\/28\/2025\/03\/Completa-10-F-ILIA-17-de-marzo-de-2025-WEB-1.jpg 1280w, https:\/\/ilia.uartes.edu.ec\/f-ilia\/wp-content\/uploads\/sites\/28\/2025\/03\/Completa-10-F-ILIA-17-de-marzo-de-2025-WEB-1-217x300.jpg 217w, https:\/\/ilia.uartes.edu.ec\/f-ilia\/wp-content\/uploads\/sites\/28\/2025\/03\/Completa-10-F-ILIA-17-de-marzo-de-2025-WEB-1-740x1024.jpg 740w, https:\/\/ilia.uartes.edu.ec\/f-ilia\/wp-content\/uploads\/sites\/28\/2025\/03\/Completa-10-F-ILIA-17-de-marzo-de-2025-WEB-1-768x1063.jpg 768w, https:\/\/ilia.uartes.edu.ec\/f-ilia\/wp-content\/uploads\/sites\/28\/2025\/03\/Completa-10-F-ILIA-17-de-marzo-de-2025-WEB-1-1110x1536.jpg 1110w, https:\/\/ilia.uartes.edu.ec\/f-ilia\/wp-content\/uploads\/sites\/28\/2025\/03\/Completa-10-F-ILIA-17-de-marzo-de-2025-WEB-1-205x284.jpg 205w, https:\/\/ilia.uartes.edu.ec\/f-ilia\/wp-content\/uploads\/sites\/28\/2025\/03\/Completa-10-F-ILIA-17-de-marzo-de-2025-WEB-1-480x664.jpg 480w\" sizes=\"(max-width: 1280px) 100vw, 1280px\" \/><\/a>\n        <\/div>\n        <div class=\"wp-block-getwid-custom-post-type__content-wrapper\">\n        <div class=\"wp-block-getwid-custom-post-type__post-header\">\n            <h3 class=\"wp-block-getwid-custom-post-type__post-title\"><a href=\"https:\/\/ilia.uartes.edu.ec\/f-ilia\/no-10-octubre-2024\/\">No. 10 \u2013 Octubre 2024<\/a><\/h3>        <\/div>\n        <div class=\"wp-block-getwid-custom-post-type__post-excerpt \"><p>Llegado el quinto a\u00f1o de nuestra publicaci\u00f3n, hemos encontrado la necesidad de (re)preguntar e insistir sobre el estado de nuestro campo en la regi\u00f3n. <\/p>\n<\/div>\n    <\/div>\n<\/div>\n\t\t\t\t\t\t\t\t<\/div>\n\t\t\t\t\t\t\t\t\t\t\t\t\t\t\t<div class='wp-block-getwid-custom-post-type__post'>\n\t\t\t\t\t\t\t\t\t\n<div class=\"wp-block-getwid-custom-post-type__post-wrapper\">\n            <div class=\"wp-block-getwid-custom-post-type__post-thumbnail\">\n            <a href=\"https:\/\/ilia.uartes.edu.ec\/f-ilia\/no-9-abril-2024\/\"><img decoding=\"async\" width=\"1280\" height=\"1813\" src=\"https:\/\/ilia.uartes.edu.ec\/f-ilia\/wp-content\/uploads\/sites\/28\/2024\/08\/F-ILIA-9-2024-1.jpg\" class=\"attachment-post-thumbnail size-post-thumbnail wp-post-image\" alt=\"\" srcset=\"https:\/\/ilia.uartes.edu.ec\/f-ilia\/wp-content\/uploads\/sites\/28\/2024\/08\/F-ILIA-9-2024-1.jpg 1280w, https:\/\/ilia.uartes.edu.ec\/f-ilia\/wp-content\/uploads\/sites\/28\/2024\/08\/F-ILIA-9-2024-1-212x300.jpg 212w, https:\/\/ilia.uartes.edu.ec\/f-ilia\/wp-content\/uploads\/sites\/28\/2024\/08\/F-ILIA-9-2024-1-723x1024.jpg 723w, https:\/\/ilia.uartes.edu.ec\/f-ilia\/wp-content\/uploads\/sites\/28\/2024\/08\/F-ILIA-9-2024-1-768x1088.jpg 768w, https:\/\/ilia.uartes.edu.ec\/f-ilia\/wp-content\/uploads\/sites\/28\/2024\/08\/F-ILIA-9-2024-1-1084x1536.jpg 1084w, https:\/\/ilia.uartes.edu.ec\/f-ilia\/wp-content\/uploads\/sites\/28\/2024\/08\/F-ILIA-9-2024-1-205x290.jpg 205w, https:\/\/ilia.uartes.edu.ec\/f-ilia\/wp-content\/uploads\/sites\/28\/2024\/08\/F-ILIA-9-2024-1-480x680.jpg 480w\" sizes=\"(max-width: 1280px) 100vw, 1280px\" \/><\/a>\n        <\/div>\n        <div class=\"wp-block-getwid-custom-post-type__content-wrapper\">\n        <div class=\"wp-block-getwid-custom-post-type__post-header\">\n            <h3 class=\"wp-block-getwid-custom-post-type__post-title\"><a href=\"https:\/\/ilia.uartes.edu.ec\/f-ilia\/no-9-abril-2024\/\">No. 9 \u2013 Abril 2024<\/a><\/h3>        <\/div>\n        <div class=\"wp-block-getwid-custom-post-type__post-excerpt \"><p>El presente n\u00famero de F-ILIA contin\u00faa con una interrogante que nos plante\u00e1bamos en el n\u00famero 7: \u00bfc\u00f3mo afecta el advenimiento de las inteligencias artificiales (IA) al campo de las artes? Para discutir sobre el asunto invitamos a tres investigadores y docentes universitarios.<\/p>\n<\/div>\n    <\/div>\n<\/div>\n\t\t\t\t\t\t\t\t<\/div>\n\t\t\t\t\t\t\t\t\t\t\t\t\t\t\t<div class='wp-block-getwid-custom-post-type__post'>\n\t\t\t\t\t\t\t\t\t\n<div class=\"wp-block-getwid-custom-post-type__post-wrapper\">\n            <div class=\"wp-block-getwid-custom-post-type__post-thumbnail\">\n            <a href=\"https:\/\/ilia.uartes.edu.ec\/f-ilia\/no-8-octubre-2023\/\"><img loading=\"lazy\" decoding=\"async\" width=\"1280\" height=\"1819\" src=\"https:\/\/ilia.uartes.edu.ec\/f-ilia\/wp-content\/uploads\/sites\/28\/2024\/02\/F-ILIA-8-completa-1.jpg\" class=\"attachment-post-thumbnail size-post-thumbnail wp-post-image\" alt=\"\" srcset=\"https:\/\/ilia.uartes.edu.ec\/f-ilia\/wp-content\/uploads\/sites\/28\/2024\/02\/F-ILIA-8-completa-1.jpg 1280w, https:\/\/ilia.uartes.edu.ec\/f-ilia\/wp-content\/uploads\/sites\/28\/2024\/02\/F-ILIA-8-completa-1-211x300.jpg 211w, https:\/\/ilia.uartes.edu.ec\/f-ilia\/wp-content\/uploads\/sites\/28\/2024\/02\/F-ILIA-8-completa-1-721x1024.jpg 721w, https:\/\/ilia.uartes.edu.ec\/f-ilia\/wp-content\/uploads\/sites\/28\/2024\/02\/F-ILIA-8-completa-1-768x1091.jpg 768w, https:\/\/ilia.uartes.edu.ec\/f-ilia\/wp-content\/uploads\/sites\/28\/2024\/02\/F-ILIA-8-completa-1-1081x1536.jpg 1081w, https:\/\/ilia.uartes.edu.ec\/f-ilia\/wp-content\/uploads\/sites\/28\/2024\/02\/F-ILIA-8-completa-1-205x291.jpg 205w, https:\/\/ilia.uartes.edu.ec\/f-ilia\/wp-content\/uploads\/sites\/28\/2024\/02\/F-ILIA-8-completa-1-480x682.jpg 480w, https:\/\/ilia.uartes.edu.ec\/f-ilia\/wp-content\/uploads\/sites\/28\/2024\/02\/F-ILIA-8-completa-1-600x853.jpg 600w\" sizes=\"(max-width: 1280px) 100vw, 1280px\" \/><\/a>\n        <\/div>\n        <div class=\"wp-block-getwid-custom-post-type__content-wrapper\">\n        <div class=\"wp-block-getwid-custom-post-type__post-header\">\n            <h3 class=\"wp-block-getwid-custom-post-type__post-title\"><a href=\"https:\/\/ilia.uartes.edu.ec\/f-ilia\/no-8-octubre-2023\/\">No. 8 \u2013 Octubre 2023<\/a><\/h3>        <\/div>\n        <div class=\"wp-block-getwid-custom-post-type__post-excerpt \"><p>Decidimos ampliar un poco m\u00e1s el eje curatorial de aquel evento para este eje editorial. Fue as\u00ed que se aterriz\u00f3 al t\u00edtulo: \u00abProcedimientos esc\u00e9nicos para la investigaci\u00f3n-creaci\u00f3n en escena y por fuera de ella\u00bb.<\/p>\n<\/div>\n    <\/div>\n<\/div>\n\t\t\t\t\t\t\t\t<\/div>\n\t\t\t\t\t\t\t\t\t\t\t\t\t\t\t<div class='wp-block-getwid-custom-post-type__post'>\n\t\t\t\t\t\t\t\t\t\n<div class=\"wp-block-getwid-custom-post-type__post-wrapper\">\n            <div class=\"wp-block-getwid-custom-post-type__post-thumbnail\">\n            <a href=\"https:\/\/ilia.uartes.edu.ec\/f-ilia\/inicio-2-2\/\"><img loading=\"lazy\" decoding=\"async\" width=\"1280\" height=\"1780\" src=\"https:\/\/ilia.uartes.edu.ec\/f-ilia\/wp-content\/uploads\/sites\/28\/2023\/09\/PORTADA_F-ILIA-7-1.jpg\" class=\"attachment-post-thumbnail size-post-thumbnail wp-post-image\" alt=\"\" srcset=\"https:\/\/ilia.uartes.edu.ec\/f-ilia\/wp-content\/uploads\/sites\/28\/2023\/09\/PORTADA_F-ILIA-7-1.jpg 1280w, https:\/\/ilia.uartes.edu.ec\/f-ilia\/wp-content\/uploads\/sites\/28\/2023\/09\/PORTADA_F-ILIA-7-1-216x300.jpg 216w, https:\/\/ilia.uartes.edu.ec\/f-ilia\/wp-content\/uploads\/sites\/28\/2023\/09\/PORTADA_F-ILIA-7-1-736x1024.jpg 736w, https:\/\/ilia.uartes.edu.ec\/f-ilia\/wp-content\/uploads\/sites\/28\/2023\/09\/PORTADA_F-ILIA-7-1-768x1068.jpg 768w, https:\/\/ilia.uartes.edu.ec\/f-ilia\/wp-content\/uploads\/sites\/28\/2023\/09\/PORTADA_F-ILIA-7-1-1105x1536.jpg 1105w, https:\/\/ilia.uartes.edu.ec\/f-ilia\/wp-content\/uploads\/sites\/28\/2023\/09\/PORTADA_F-ILIA-7-1-205x285.jpg 205w, https:\/\/ilia.uartes.edu.ec\/f-ilia\/wp-content\/uploads\/sites\/28\/2023\/09\/PORTADA_F-ILIA-7-1-480x668.jpg 480w, https:\/\/ilia.uartes.edu.ec\/f-ilia\/wp-content\/uploads\/sites\/28\/2023\/09\/PORTADA_F-ILIA-7-1-600x834.jpg 600w\" sizes=\"(max-width: 1280px) 100vw, 1280px\" \/><\/a>\n        <\/div>\n        <div class=\"wp-block-getwid-custom-post-type__content-wrapper\">\n        <div class=\"wp-block-getwid-custom-post-type__post-header\">\n            <h3 class=\"wp-block-getwid-custom-post-type__post-title\"><a href=\"https:\/\/ilia.uartes.edu.ec\/f-ilia\/inicio-2-2\/\">No. 7 \u2013 Abril 2023<\/a><\/h3>        <\/div>\n        <div class=\"wp-block-getwid-custom-post-type__post-excerpt \"><p>Este n\u00famero de F-ILIA contiene una serie de reflexiones y aplicaciones relativas al problema de la interdisciplina. Surge, en buena medida, del seminario permanente ofrecido por el Instituto Latinoamericano de Investigaci\u00f3n en Artes (ILIA), llamado precisamente Interdisciplina y que tuvo lugar en Guayaquil durante el a\u00f1o 2022.<\/p>\n<\/div>\n    <\/div>\n<\/div>\n\t\t\t\t\t\t\t\t<\/div>\n\t\t\t\t\t\t\t\t\t\t\t\t\t\t\t<div class='wp-block-getwid-custom-post-type__post'>\n\t\t\t\t\t\t\t\t\t\n<div class=\"wp-block-getwid-custom-post-type__post-wrapper\">\n            <div class=\"wp-block-getwid-custom-post-type__post-thumbnail\">\n            <a href=\"https:\/\/ilia.uartes.edu.ec\/f-ilia\/6-ii-semestre-octubre-2022\/\"><img loading=\"lazy\" decoding=\"async\" width=\"708\" height=\"1000\" src=\"https:\/\/ilia.uartes.edu.ec\/f-ilia\/wp-content\/uploads\/sites\/28\/2023\/02\/FILIA-06-portada.png\" class=\"attachment-post-thumbnail size-post-thumbnail wp-post-image\" alt=\"\" srcset=\"https:\/\/ilia.uartes.edu.ec\/f-ilia\/wp-content\/uploads\/sites\/28\/2023\/02\/FILIA-06-portada.png 708w, https:\/\/ilia.uartes.edu.ec\/f-ilia\/wp-content\/uploads\/sites\/28\/2023\/02\/FILIA-06-portada-212x300.png 212w, https:\/\/ilia.uartes.edu.ec\/f-ilia\/wp-content\/uploads\/sites\/28\/2023\/02\/FILIA-06-portada-205x290.png 205w, https:\/\/ilia.uartes.edu.ec\/f-ilia\/wp-content\/uploads\/sites\/28\/2023\/02\/FILIA-06-portada-480x678.png 480w, https:\/\/ilia.uartes.edu.ec\/f-ilia\/wp-content\/uploads\/sites\/28\/2023\/02\/FILIA-06-portada-600x847.png 600w\" sizes=\"(max-width: 708px) 100vw, 708px\" \/><\/a>\n        <\/div>\n        <div class=\"wp-block-getwid-custom-post-type__content-wrapper\">\n        <div class=\"wp-block-getwid-custom-post-type__post-header\">\n            <h3 class=\"wp-block-getwid-custom-post-type__post-title\"><a href=\"https:\/\/ilia.uartes.edu.ec\/f-ilia\/6-ii-semestre-octubre-2022\/\">No. 6 \u2013 Octubre 2022<\/a><\/h3>        <\/div>\n        <div class=\"wp-block-getwid-custom-post-type__post-excerpt \"><p>La convocatoria a esta revista fue pensada y escrita durante los primeros meses del a\u00f1o 2022. Desde ese momento hasta la actualidad han sucedido acontecimientos importantes en el escenario latinoamericano, que le dan nuevos sentidos y resonancias a las preguntas que nos hac\u00edamos inicialmente. El triunfo de la f\u00f3rmula de izquierda (con Gustavo Petro y Francia M\u00e1rquez) en las elecciones de Colombia, el levantamiento ind\u00edgena y popular del mes de junio en Ecuador, y el rechazo a la propuesta de Constituci\u00f3n en Chile, sin duda marcan hitos que alteran los destinos que parec\u00edan seguir estos pa\u00edses a principios de a\u00f1o.<\/p>\n<\/div>\n    <\/div>\n<\/div>\n\t\t\t\t\t\t\t\t<\/div>\n\t\t\t\t\t\t\t\t\t\t\t\t\t\t\t<div class='wp-block-getwid-custom-post-type__post'>\n\t\t\t\t\t\t\t\t\t\n<div class=\"wp-block-getwid-custom-post-type__post-wrapper\">\n            <div class=\"wp-block-getwid-custom-post-type__post-thumbnail\">\n            <a href=\"https:\/\/ilia.uartes.edu.ec\/f-ilia\/5-i-semestre-abril-2022\/\"><img loading=\"lazy\" decoding=\"async\" width=\"708\" height=\"1000\" src=\"https:\/\/ilia.uartes.edu.ec\/f-ilia\/wp-content\/uploads\/sites\/28\/2023\/02\/FILIA-05-portada.png\" class=\"attachment-post-thumbnail size-post-thumbnail wp-post-image\" alt=\"\" srcset=\"https:\/\/ilia.uartes.edu.ec\/f-ilia\/wp-content\/uploads\/sites\/28\/2023\/02\/FILIA-05-portada.png 708w, https:\/\/ilia.uartes.edu.ec\/f-ilia\/wp-content\/uploads\/sites\/28\/2023\/02\/FILIA-05-portada-212x300.png 212w, https:\/\/ilia.uartes.edu.ec\/f-ilia\/wp-content\/uploads\/sites\/28\/2023\/02\/FILIA-05-portada-205x290.png 205w, https:\/\/ilia.uartes.edu.ec\/f-ilia\/wp-content\/uploads\/sites\/28\/2023\/02\/FILIA-05-portada-480x678.png 480w, https:\/\/ilia.uartes.edu.ec\/f-ilia\/wp-content\/uploads\/sites\/28\/2023\/02\/FILIA-05-portada-600x847.png 600w\" sizes=\"(max-width: 708px) 100vw, 708px\" \/><\/a>\n        <\/div>\n        <div class=\"wp-block-getwid-custom-post-type__content-wrapper\">\n        <div class=\"wp-block-getwid-custom-post-type__post-header\">\n            <h3 class=\"wp-block-getwid-custom-post-type__post-title\"><a href=\"https:\/\/ilia.uartes.edu.ec\/f-ilia\/5-i-semestre-abril-2022\/\">No. 5 \u2013 Abril 2022<\/a><\/h3>        <\/div>\n        <div class=\"wp-block-getwid-custom-post-type__post-excerpt \"><p>F-ILIA 5 \u00abUrgencias, nuevas subjetivaciones: anudaciones se explica en el sentido \u00faltimo de una publicaci\u00f3n en el campo de la investigaci\u00f3n en artes, que es el de la exploraci\u00f3n radical. Esa exploraci\u00f3n, sin embargo, no es una errancia o, si lo es, es una errancia que trabaja su extrav\u00edo con la memoria del camino recorrido. Ese camino recorrido es el trabajo de todas y todos las mentes y manos que est\u00e1n detr\u00e1s de una publicaci\u00f3n como esta. Para permitirnos el lujo de construir un n\u00famero como F-ILIA 5, nuestro equipo ha realizado un trabajo enorme tras bastidores, que implica mantener rigor y responsabilidad en lo relativo a nuestros sistemas de evaluaci\u00f3n e indexaci\u00f3n.<\/p>\n<\/div>\n    <\/div>\n<\/div>\n\t\t\t\t\t\t\t\t<\/div>\n\t\t\t\t\t\t\t\t\t\t\t\t\t\t\t<div class='wp-block-getwid-custom-post-type__post'>\n\t\t\t\t\t\t\t\t\t\n<div class=\"wp-block-getwid-custom-post-type__post-wrapper\">\n            <div class=\"wp-block-getwid-custom-post-type__post-thumbnail\">\n            <a href=\"https:\/\/ilia.uartes.edu.ec\/f-ilia\/4-ii-semestre-octubre-2021\/\"><img loading=\"lazy\" decoding=\"async\" width=\"708\" height=\"1000\" src=\"https:\/\/ilia.uartes.edu.ec\/f-ilia\/wp-content\/uploads\/sites\/28\/2023\/02\/FILIA-04-portada.png\" class=\"attachment-post-thumbnail size-post-thumbnail wp-post-image\" alt=\"\" srcset=\"https:\/\/ilia.uartes.edu.ec\/f-ilia\/wp-content\/uploads\/sites\/28\/2023\/02\/FILIA-04-portada.png 708w, https:\/\/ilia.uartes.edu.ec\/f-ilia\/wp-content\/uploads\/sites\/28\/2023\/02\/FILIA-04-portada-212x300.png 212w, https:\/\/ilia.uartes.edu.ec\/f-ilia\/wp-content\/uploads\/sites\/28\/2023\/02\/FILIA-04-portada-205x290.png 205w, https:\/\/ilia.uartes.edu.ec\/f-ilia\/wp-content\/uploads\/sites\/28\/2023\/02\/FILIA-04-portada-480x678.png 480w, https:\/\/ilia.uartes.edu.ec\/f-ilia\/wp-content\/uploads\/sites\/28\/2023\/02\/FILIA-04-portada-600x847.png 600w\" sizes=\"(max-width: 708px) 100vw, 708px\" \/><\/a>\n        <\/div>\n        <div class=\"wp-block-getwid-custom-post-type__content-wrapper\">\n        <div class=\"wp-block-getwid-custom-post-type__post-header\">\n            <h3 class=\"wp-block-getwid-custom-post-type__post-title\"><a href=\"https:\/\/ilia.uartes.edu.ec\/f-ilia\/4-ii-semestre-octubre-2021\/\">No. 4 \u2013 Octubre 2021<\/a><\/h3>        <\/div>\n        <div class=\"wp-block-getwid-custom-post-type__post-excerpt \"><p>Para el presente n\u00famero de F-ILIA, producido en colaboraci\u00f3n con el Centro Mexicano para la M\u00fasica y las Artes Sonoras &#8211; CMMAS hemos decidido reflexionar sobre la relaci\u00f3n entre producci\u00f3n art\u00edstica y tecnolog\u00eda, centr\u00e1ndonos en la diversidad de manifestaciones de di- cha relaci\u00f3n en las artes musicales y sonoras.<\/p>\n<\/div>\n    <\/div>\n<\/div>\n\t\t\t\t\t\t\t\t<\/div>\n\t\t\t\t\t\t\t\t\t\t\t\t\t\t\t<div class='wp-block-getwid-custom-post-type__post'>\n\t\t\t\t\t\t\t\t\t\n<div class=\"wp-block-getwid-custom-post-type__post-wrapper\">\n            <div class=\"wp-block-getwid-custom-post-type__post-thumbnail\">\n            <a href=\"https:\/\/ilia.uartes.edu.ec\/f-ilia\/3-abril-septiembre-2021\/\"><img loading=\"lazy\" decoding=\"async\" width=\"708\" height=\"1000\" src=\"https:\/\/ilia.uartes.edu.ec\/f-ilia\/wp-content\/uploads\/sites\/28\/2023\/02\/FILIA-03-portada.png\" class=\"attachment-post-thumbnail size-post-thumbnail wp-post-image\" alt=\"\" srcset=\"https:\/\/ilia.uartes.edu.ec\/f-ilia\/wp-content\/uploads\/sites\/28\/2023\/02\/FILIA-03-portada.png 708w, https:\/\/ilia.uartes.edu.ec\/f-ilia\/wp-content\/uploads\/sites\/28\/2023\/02\/FILIA-03-portada-212x300.png 212w, https:\/\/ilia.uartes.edu.ec\/f-ilia\/wp-content\/uploads\/sites\/28\/2023\/02\/FILIA-03-portada-205x290.png 205w, https:\/\/ilia.uartes.edu.ec\/f-ilia\/wp-content\/uploads\/sites\/28\/2023\/02\/FILIA-03-portada-480x678.png 480w, https:\/\/ilia.uartes.edu.ec\/f-ilia\/wp-content\/uploads\/sites\/28\/2023\/02\/FILIA-03-portada-600x847.png 600w\" sizes=\"(max-width: 708px) 100vw, 708px\" \/><\/a>\n        <\/div>\n        <div class=\"wp-block-getwid-custom-post-type__content-wrapper\">\n        <div class=\"wp-block-getwid-custom-post-type__post-header\">\n            <h3 class=\"wp-block-getwid-custom-post-type__post-title\"><a href=\"https:\/\/ilia.uartes.edu.ec\/f-ilia\/3-abril-septiembre-2021\/\">No. 3 \u2013 Abril 2021<\/a><\/h3>        <\/div>\n        <div class=\"wp-block-getwid-custom-post-type__post-excerpt \"><p>La tercera entrega de la Revista F-ILIA ha sido dedicada y coordinada con el Grupo de Trabajo del Consejo Latinoamericano de Ciencias Sociales (CLACSO) \u201cArtes, Educaci\u00f3n y\u00a0 Ciudadan\u00eda\u201d establecido para el periodo 2019-2022.<\/p>\n<\/div>\n    <\/div>\n<\/div>\n\t\t\t\t\t\t\t\t<\/div>\n\t\t\t\t\t\t\t\t\t\t\t\t\t\t\t<div class='wp-block-getwid-custom-post-type__post'>\n\t\t\t\t\t\t\t\t\t\n<div class=\"wp-block-getwid-custom-post-type__post-wrapper\">\n            <div class=\"wp-block-getwid-custom-post-type__post-thumbnail\">\n            <a href=\"https:\/\/ilia.uartes.edu.ec\/f-ilia\/2-octubre-2020-marzo-2021\/\"><img loading=\"lazy\" decoding=\"async\" width=\"708\" height=\"1000\" src=\"https:\/\/ilia.uartes.edu.ec\/f-ilia\/wp-content\/uploads\/sites\/28\/2023\/02\/FILIA-02-portada.png\" class=\"attachment-post-thumbnail size-post-thumbnail wp-post-image\" alt=\"\" srcset=\"https:\/\/ilia.uartes.edu.ec\/f-ilia\/wp-content\/uploads\/sites\/28\/2023\/02\/FILIA-02-portada.png 708w, https:\/\/ilia.uartes.edu.ec\/f-ilia\/wp-content\/uploads\/sites\/28\/2023\/02\/FILIA-02-portada-212x300.png 212w, https:\/\/ilia.uartes.edu.ec\/f-ilia\/wp-content\/uploads\/sites\/28\/2023\/02\/FILIA-02-portada-205x290.png 205w, https:\/\/ilia.uartes.edu.ec\/f-ilia\/wp-content\/uploads\/sites\/28\/2023\/02\/FILIA-02-portada-480x678.png 480w, https:\/\/ilia.uartes.edu.ec\/f-ilia\/wp-content\/uploads\/sites\/28\/2023\/02\/FILIA-02-portada-600x847.png 600w\" sizes=\"(max-width: 708px) 100vw, 708px\" \/><\/a>\n        <\/div>\n        <div class=\"wp-block-getwid-custom-post-type__content-wrapper\">\n        <div class=\"wp-block-getwid-custom-post-type__post-header\">\n            <h3 class=\"wp-block-getwid-custom-post-type__post-title\"><a href=\"https:\/\/ilia.uartes.edu.ec\/f-ilia\/2-octubre-2020-marzo-2021\/\">No. 2 \u2013 Octubre 2020<\/a><\/h3>        <\/div>\n        <div class=\"wp-block-getwid-custom-post-type__post-excerpt \"><p>Este nu\u0301mero de F-ILIA rinde un homenaje a la ciudad de Guayaquil en el an\u0303o de su bicentenario de independencia y tras los escalofriantes sucesos ocurridos en los meses de marzo y abril a causa de la pandemia COVID-19.<\/p>\n<\/div>\n    <\/div>\n<\/div>\n\t\t\t\t\t\t\t\t<\/div>\n\t\t\t\t\t\t\t\t\t\t\t\t\t\t\t<div class='wp-block-getwid-custom-post-type__post'>\n\t\t\t\t\t\t\t\t\t\n<div class=\"wp-block-getwid-custom-post-type__post-wrapper\">\n            <div class=\"wp-block-getwid-custom-post-type__post-thumbnail\">\n            <a href=\"https:\/\/ilia.uartes.edu.ec\/f-ilia\/1-abril-septiembre-2020\/\"><img loading=\"lazy\" decoding=\"async\" width=\"707\" height=\"999\" src=\"https:\/\/ilia.uartes.edu.ec\/f-ilia\/wp-content\/uploads\/sites\/28\/2023\/02\/FILIA-01-portada.png\" class=\"attachment-post-thumbnail size-post-thumbnail wp-post-image\" alt=\"\" srcset=\"https:\/\/ilia.uartes.edu.ec\/f-ilia\/wp-content\/uploads\/sites\/28\/2023\/02\/FILIA-01-portada.png 707w, https:\/\/ilia.uartes.edu.ec\/f-ilia\/wp-content\/uploads\/sites\/28\/2023\/02\/FILIA-01-portada-212x300.png 212w, https:\/\/ilia.uartes.edu.ec\/f-ilia\/wp-content\/uploads\/sites\/28\/2023\/02\/FILIA-01-portada-205x290.png 205w, https:\/\/ilia.uartes.edu.ec\/f-ilia\/wp-content\/uploads\/sites\/28\/2023\/02\/FILIA-01-portada-480x678.png 480w, https:\/\/ilia.uartes.edu.ec\/f-ilia\/wp-content\/uploads\/sites\/28\/2023\/02\/FILIA-01-portada-600x848.png 600w\" sizes=\"(max-width: 707px) 100vw, 707px\" \/><\/a>\n        <\/div>\n        <div class=\"wp-block-getwid-custom-post-type__content-wrapper\">\n        <div class=\"wp-block-getwid-custom-post-type__post-header\">\n            <h3 class=\"wp-block-getwid-custom-post-type__post-title\"><a href=\"https:\/\/ilia.uartes.edu.ec\/f-ilia\/1-abril-septiembre-2020\/\">No. 1 \u2013 Abril 2020<\/a><\/h3>        <\/div>\n        <div class=\"wp-block-getwid-custom-post-type__post-excerpt \"><p>Hemos construido Revista F-ILIA de tal manera que resulte viable recrear la experiencia del debate p\u00fablico en el campo de la investigaci\u00f3n en artes. Esto es, no solo dar cuenta de sus distintas voces, sino de los m\u00faltiples modos en que aparecen. En esta publicaci\u00f3n creemos profundamente en el di\u00e1logo interdisciplinario, pero tambi\u00e9n entre distintos soportes y discursividades. En consecuencia, proponemos dos secciones: art\u00edculos y texturas.<\/p>\n<\/div>\n    <\/div>\n<\/div>\n\t\t\t\t\t\t\t\t<\/div>\n\t\t\t\t\t\t\t            <\/div>\n\n                            <nav class=\"navigation pagination\" role=\"navigation\">\n                    <h2 class=\"screen-reader-text\"><\/h2>\n                    <div class=\"nav-links\">\n                                        <\/div>\n                <\/nav>\n                    <\/div>\n        \n\n<div class=\"wp-block-post-views-counter-post-views\"><div class=\"post-views content-post post-54 entry-meta load-static\">\r\n\t\t\t\t<span class=\"post-views-icon dashicons dashicons-chart-bar\"><\/span> <span class=\"post-views-label\">Vistas:<\/span> <span class=\"post-views-count\">19<\/span>\r\n\t\t\t<\/div><\/div>","protected":false},"excerpt":{"rendered":"","protected":false},"author":1,"featured_media":0,"parent":0,"menu_order":1,"comment_status":"closed","ping_status":"closed","template":"","meta":{"_uag_custom_page_level_css":"","_monsterinsights_skip_tracking":false,"_monsterinsights_sitenote_active":false,"_monsterinsights_sitenote_note":"","_monsterinsights_sitenote_category":0,"cybocfi_hide_featured_image":"","footnotes":""},"class_list":["post-54","page","type-page","status-publish","hentry"],"blocksy_meta":{"styles_descriptor":{"styles":{"desktop":"","tablet":"","mobile":""},"google_fonts":[],"version":6}},"uagb_featured_image_src":{"full":false,"thumbnail":false,"medium":false,"medium_large":false,"large":false,"1536x1536":false,"2048x2048":false,"trp-custom-language-flag":false,"tainacan-small":false,"tainacan-medium":false,"tainacan-medium-full":false,"tainacan-large-full":false},"uagb_author_info":{"display_name":"Universidad de las Artes","author_link":"https:\/\/ilia.uartes.edu.ec\/f-ilia\/author\/dircomadm\/"},"uagb_comment_info":0,"uagb_excerpt":null,"distributor_meta":false,"distributor_terms":false,"distributor_media":false,"distributor_original_site_name":"Revista F-ILIA - Investigaci\u00f3n, Arte y Memoria","distributor_original_site_url":"https:\/\/ilia.uartes.edu.ec\/f-ilia","push-errors":false,"_links":{"self":[{"href":"https:\/\/ilia.uartes.edu.ec\/f-ilia\/wp-json\/wp\/v2\/pages\/54","targetHints":{"allow":["GET"]}}],"collection":[{"href":"https:\/\/ilia.uartes.edu.ec\/f-ilia\/wp-json\/wp\/v2\/pages"}],"about":[{"href":"https:\/\/ilia.uartes.edu.ec\/f-ilia\/wp-json\/wp\/v2\/types\/page"}],"author":[{"embeddable":true,"href":"https:\/\/ilia.uartes.edu.ec\/f-ilia\/wp-json\/wp\/v2\/users\/1"}],"replies":[{"embeddable":true,"href":"https:\/\/ilia.uartes.edu.ec\/f-ilia\/wp-json\/wp\/v2\/comments?post=54"}],"version-history":[{"count":26,"href":"https:\/\/ilia.uartes.edu.ec\/f-ilia\/wp-json\/wp\/v2\/pages\/54\/revisions"}],"predecessor-version":[{"id":5423,"href":"https:\/\/ilia.uartes.edu.ec\/f-ilia\/wp-json\/wp\/v2\/pages\/54\/revisions\/5423"}],"wp:attachment":[{"href":"https:\/\/ilia.uartes.edu.ec\/f-ilia\/wp-json\/wp\/v2\/media?parent=54"}],"curies":[{"name":"wp","href":"https:\/\/api.w.org\/{rel}","templated":true}]}}