{"id":2456,"date":"2023-07-12T09:38:09","date_gmt":"2023-07-12T14:38:09","guid":{"rendered":"https:\/\/ilia.uartes.edu.ec\/f-ilia\/acerca-de-f-ilia\/declaracion-sobre-practicas-eticas\/"},"modified":"2023-11-09T15:07:40","modified_gmt":"2023-11-09T20:07:40","slug":"declaracion-sobre-practicas-eticas","status":"publish","type":"page","link":"https:\/\/ilia.uartes.edu.ec\/f-ilia\/practicas-eticas\/","title":{"rendered":"Declaraci\u00f3n sobre pr\u00e1cticas \u00e9ticas"},"content":{"rendered":"\n<p>Revista F-ILIA est\u00e1 regida por la normativa vigente en materia de Derechos de Autor divulgada por el C\u00f3digo Org\u00e1nico de la Econom\u00eda Social de los Conocimientos del Ecuador o C\u00f3digo de Ingenios, as\u00ed como por las Pol\u00edticas de Investigaci\u00f3n y el C\u00f3digo de \u00c9tica de la Universidad de las Artes del Ecuador.<\/p>\n\n\n\n<h3 class=\"wp-block-heading\">1. Pr\u00e1cticas \u00e9ticas para autores<\/h3>\n\n\n\n<ul class=\"wp-block-list\" type=\"1\">\n<li>Los\/as autores\/as se comprometen a enviar trabajos originales e in\u00e9ditos.<\/li>\n\n\n\n<li>Los\/as autores\/as se comprometen a no enviar el mismo trabajo a dos o m\u00e1s publicaciones, o a tener pendiente un dictamen para el art\u00edculo enviado para F-ILIA.<\/li>\n\n\n\n<li>Los\/as autores\/as reconocer\u00e1n a todas las personas que han participado de la investigaci\u00f3n expuesta en el art\u00edculo.<\/li>\n\n\n\n<li>Indicar\u00e1n, en la p\u00e1gina de informaci\u00f3n del\/la autora la filiaci\u00f3n acad\u00e9mica, as\u00ed como las instituciones que, de ser el caso, han financiado la investigaci\u00f3n expuesta en el trabajo.<\/li>\n\n\n\n<li>Los\/as autores\/as deben aclarar al\/la editor\/a si el art\u00edculo enviado es parte de una investigaci\u00f3n m\u00e1s amplia, para lo cual, Revista F-ILIA se reserva el derecho de dar paso al proceso editorial posterior.<\/li>\n\n\n\n<li>Las metodolog\u00edas y marco te\u00f3rico\/art\u00edstico utilizado ser\u00e1 actual, relevante y pertinente en el campo de la investigaci\u00f3n en artes, tomando en consideraci\u00f3n las diferentes corrientes.<\/li>\n\n\n\n<li>Los\/as autores\/as se comprometen a no cometer plagio ni cualquier otro tipo de fraude acad\u00e9mico.<\/li>\n<\/ul>\n\n\n\n<h3 class=\"wp-block-heading\">2. Pr\u00e1cticas \u00e9ticas para evaluadores<\/h3>\n\n\n\n<ul class=\"wp-block-list\">\n<li>Los\/as evaluadores\/as deben ser acad\u00e9micos, artistas, gestores culturales, docentes expertos en el campo de las artes y en el tema del trabajo que evaluar\u00e1n. Adem\u00e1s, deben estar en posesi\u00f3n de, m\u00ednimo, un grado de maestr\u00eda o contar con reconocimiento art\u00edstico por parte de una instituci\u00f3n p\u00fablica de educaci\u00f3n superior.<\/li>\n\n\n\n<li>Los\/as evaluadores\/as solo aceptar\u00e1n el trabajo a dictaminar si resuelven que est\u00e1n en plena capacidad de realizarlo.<\/li>\n\n\n\n<li>Los\/as evaluadores\/as notificar\u00e1n al\/la editor\/a de Revista F-ILIA si detectan que el dictamen del art\u00edculo puede causar alg\u00fan conflicto de inter\u00e9s, para lo cual se buscar\u00e1 otro evaluador. Se considerar\u00e1 conflicto de inter\u00e9s si se detecta que el\/la autor\/a del art\u00edculo mantiene relaciones laborales cercanas con el evaluador, si se trata de un familiar cercano o si existen intereses institucionales o financieros que comprometan la imparcialidad del dictamen.<\/li>\n\n\n\n<li>Los\/as evaluadores\/as mantendr\u00e1n estricta confidencialidad sobre el art\u00edculo evaluado en todas las etapas del proceso, incluida la etapa de publicaci\u00f3n.<\/li>\n<\/ul>\n\n\n\n<h3 class=\"wp-block-heading\">3. Sobre el editor y el comit\u00e9 editorial<\/h3>\n\n\n\n<ul class=\"wp-block-list\">\n<li>El\/la editor\/a se compromete a mantener la transparencia, objetividad e imparcialidad del proceso editorial.&nbsp;<\/li>\n\n\n\n<li>El\/la editor\/a se compromete a no cometer ning\u00fan tipo de discriminaci\u00f3n racial, religiosa, de g\u00e9nero o de ning\u00fan otro tipo al momento de aceptar o rechazar los trabajos enviados a la revista.<\/li>\n\n\n\n<li>El\/la editor\/a es el principal responsable del proceso editorial y es quien garantiza el buen funcionamiento del proceso editorial, de tal manera que se cumplan en tiempo y forma los plazos de recepci\u00f3n de art\u00edculos, evaluaci\u00f3n, edici\u00f3n y publicaci\u00f3n de cada n\u00famero.<\/li>\n\n\n\n<li>El\/la editor\/a garantiza que los\/as evaluadores\/as ser\u00e1n profesionales calificados y competentes para mantener la calidad y rigurosidad de la publicaci\u00f3n.<\/li>\n\n\n\n<li>El Consejo Editorial de Revista F-ILIA participar\u00e1 en la recomendaci\u00f3n de tem\u00e1ticas para las convocatorias y asesorar\u00e1 al equipo editorial para mantener la calidad e innovaci\u00f3n que la revista ofrece a autores y lectores.<\/li>\n\n\n\n<li>El Consejo Editorial de Revista F-ILIA se compromete a evaluar consistente y objetivamente la calidad de la publicaci\u00f3n y realizar\u00e1 las observaciones que crea necesarias para mejorarla.<\/li>\n<\/ul>\n","protected":false},"excerpt":{"rendered":"<p>Revista F-ILIA est\u00e1 regida por la normativa vigente en materia de Derechos de Autor divulgada por el C\u00f3digo Org\u00e1nico de la Econom\u00eda Social de los Conocimientos del Ecuador o C\u00f3digo de Ingenios, as\u00ed como por las Pol\u00edticas de Investigaci\u00f3n y el C\u00f3digo de \u00c9tica de la Universidad de las Artes del Ecuador. 1. Pr\u00e1cticas \u00e9ticas [&hellip;]<\/p>\n","protected":false},"author":1,"featured_media":0,"parent":0,"menu_order":8,"comment_status":"closed","ping_status":"closed","template":"","meta":{"_uag_custom_page_level_css":"","_monsterinsights_skip_tracking":false,"_monsterinsights_sitenote_active":false,"_monsterinsights_sitenote_note":"","_monsterinsights_sitenote_category":0,"cybocfi_hide_featured_image":"","footnotes":""},"class_list":["post-2456","page","type-page","status-publish","hentry"],"blocksy_meta":[],"uagb_featured_image_src":{"full":false,"thumbnail":false,"medium":false,"medium_large":false,"large":false,"1536x1536":false,"2048x2048":false,"trp-custom-language-flag":false,"tainacan-small":false,"tainacan-medium":false,"tainacan-medium-full":false,"tainacan-large-full":false},"uagb_author_info":{"display_name":"Universidad de las Artes","author_link":"https:\/\/ilia.uartes.edu.ec\/f-ilia\/author\/dircomadm\/"},"uagb_comment_info":0,"uagb_excerpt":"Revista F-ILIA est\u00e1 regida por la normativa vigente en materia de Derechos de Autor divulgada por el C\u00f3digo Org\u00e1nico de la Econom\u00eda Social de los Conocimientos del Ecuador o C\u00f3digo de Ingenios, as\u00ed como por las Pol\u00edticas de Investigaci\u00f3n y el C\u00f3digo de \u00c9tica de la Universidad de las Artes del Ecuador. 1. Pr\u00e1cticas \u00e9ticas&hellip;","distributor_meta":false,"distributor_terms":false,"distributor_media":false,"distributor_original_site_name":"Revista F-ILIA - Investigaci\u00f3n, Arte y Memoria","distributor_original_site_url":"https:\/\/ilia.uartes.edu.ec\/f-ilia","push-errors":false,"_links":{"self":[{"href":"https:\/\/ilia.uartes.edu.ec\/f-ilia\/wp-json\/wp\/v2\/pages\/2456","targetHints":{"allow":["GET"]}}],"collection":[{"href":"https:\/\/ilia.uartes.edu.ec\/f-ilia\/wp-json\/wp\/v2\/pages"}],"about":[{"href":"https:\/\/ilia.uartes.edu.ec\/f-ilia\/wp-json\/wp\/v2\/types\/page"}],"author":[{"embeddable":true,"href":"https:\/\/ilia.uartes.edu.ec\/f-ilia\/wp-json\/wp\/v2\/users\/1"}],"replies":[{"embeddable":true,"href":"https:\/\/ilia.uartes.edu.ec\/f-ilia\/wp-json\/wp\/v2\/comments?post=2456"}],"version-history":[{"count":4,"href":"https:\/\/ilia.uartes.edu.ec\/f-ilia\/wp-json\/wp\/v2\/pages\/2456\/revisions"}],"predecessor-version":[{"id":3108,"href":"https:\/\/ilia.uartes.edu.ec\/f-ilia\/wp-json\/wp\/v2\/pages\/2456\/revisions\/3108"}],"wp:attachment":[{"href":"https:\/\/ilia.uartes.edu.ec\/f-ilia\/wp-json\/wp\/v2\/media?parent=2456"}],"curies":[{"name":"wp","href":"https:\/\/api.w.org\/{rel}","templated":true}]}}