{"id":122,"date":"2021-10-26T19:37:35","date_gmt":"2021-10-26T19:37:35","guid":{"rendered":"http:\/\/ilia.uartes.edu.ec\/f-ilia\/?post_type=wpdmpro&#038;p=122"},"modified":"2022-08-01T20:10:56","modified_gmt":"2022-08-01T20:10:56","slug":"revista-n-4-ii-semestre-octubre-2021","status":"publish","type":"wpdmpro","link":"https:\/\/ilia.uartes.edu.ec\/f-ilia\/en\/download\/revista-n-4-ii-semestre-octubre-2021\/","title":{"rendered":"Revista N\u00b0 4 &#8211; II Semestre, Octubre 2021"},"content":{"rendered":"<p>Para el presente n\u00famero de F-ILIA, producido en colaboraci\u00f3n con el Centro Mexicano para la M\u00fasica y las Artes Sonoras &#8211; CMMAS hemos decidido reflexionar sobre la relaci\u00f3n entre producci\u00f3n art\u00edstica y tecnolog\u00eda, centr\u00e1ndonos en la diversidad de manifestaciones de di- cha relaci\u00f3n en las artes musicales y sonoras.<\/p>","protected":false},"excerpt":{"rendered":"<p>Para el presente n\u00famero de F-ILIA, producido en colaboraci\u00f3n con el Centro Mexicano para la M\u00fasica y las Artes Sonoras &#8211; CMMAS hemos decidido reflexionar sobre la relaci\u00f3n entre producci\u00f3n art\u00edstica y tecnolog\u00eda, centr\u00e1ndonos en la diversidad de manifestaciones de di- cha relaci\u00f3n en las artes musicales y sonoras.<\/p>","protected":false},"author":1,"featured_media":118,"comment_status":"open","ping_status":"closed","template":"","meta":{"_uag_custom_page_level_css":"","_monsterinsights_skip_tracking":false,"_monsterinsights_sitenote_active":false,"_monsterinsights_sitenote_note":"","_monsterinsights_sitenote_category":0,"cybocfi_hide_featured_image":"","__wpdm_changelog":[]},"wpdmcategory":[20],"wpdmtag":[],"class_list":["post-122","wpdmpro","type-wpdmpro","status-publish","has-post-thumbnail","hentry","wpdmcategory-ediciones"],"blocksy_meta":{"styles_descriptor":{"styles":{"desktop":"","tablet":"","mobile":""},"google_fonts":[],"version":6}},"uagb_featured_image_src":{"full":["https:\/\/ilia.uartes.edu.ec\/f-ilia\/wp-content\/uploads\/sites\/28\/2022\/08\/04-F-ILIA-4-PORTADA_211028.jpg",1000,1460,false],"thumbnail":["https:\/\/ilia.uartes.edu.ec\/f-ilia\/wp-content\/uploads\/sites\/28\/2022\/08\/04-F-ILIA-4-PORTADA_211028-150x150.jpg",150,150,true],"medium":["https:\/\/ilia.uartes.edu.ec\/f-ilia\/wp-content\/uploads\/sites\/28\/2022\/08\/04-F-ILIA-4-PORTADA_211028-205x300.jpg",205,300,true],"medium_large":["https:\/\/ilia.uartes.edu.ec\/f-ilia\/wp-content\/uploads\/sites\/28\/2022\/08\/04-F-ILIA-4-PORTADA_211028-768x1121.jpg",768,1121,true],"large":["https:\/\/ilia.uartes.edu.ec\/f-ilia\/wp-content\/uploads\/sites\/28\/2022\/08\/04-F-ILIA-4-PORTADA_211028-701x1024.jpg",701,1024,true],"1536x1536":["https:\/\/ilia.uartes.edu.ec\/f-ilia\/wp-content\/uploads\/sites\/28\/2022\/08\/04-F-ILIA-4-PORTADA_211028.jpg",1000,1460,false],"2048x2048":["https:\/\/ilia.uartes.edu.ec\/f-ilia\/wp-content\/uploads\/sites\/28\/2022\/08\/04-F-ILIA-4-PORTADA_211028.jpg",1000,1460,false],"trp-custom-language-flag":["https:\/\/ilia.uartes.edu.ec\/f-ilia\/wp-content\/uploads\/sites\/28\/2022\/08\/04-F-ILIA-4-PORTADA_211028.jpg",8,12,false],"tainacan-small":["https:\/\/ilia.uartes.edu.ec\/f-ilia\/wp-content\/uploads\/sites\/28\/2022\/08\/04-F-ILIA-4-PORTADA_211028-40x40.jpg",40,40,true],"tainacan-medium":["https:\/\/ilia.uartes.edu.ec\/f-ilia\/wp-content\/uploads\/sites\/28\/2022\/08\/04-F-ILIA-4-PORTADA_211028-275x275.jpg",275,275,true],"tainacan-medium-full":["https:\/\/ilia.uartes.edu.ec\/f-ilia\/wp-content\/uploads\/sites\/28\/2022\/08\/04-F-ILIA-4-PORTADA_211028-205x299.jpg",205,299,true],"tainacan-large-full":["https:\/\/ilia.uartes.edu.ec\/f-ilia\/wp-content\/uploads\/sites\/28\/2022\/08\/04-F-ILIA-4-PORTADA_211028.jpg",480,701,false]},"uagb_author_info":{"display_name":"Universidad de las Artes","author_link":"https:\/\/ilia.uartes.edu.ec\/f-ilia\/en\/author\/dircomadm\/"},"uagb_comment_info":0,"uagb_excerpt":"Para el presente n\u00famero de F-ILIA, producido en colaboraci\u00f3n con el Centro Mexicano para la M\u00fasica y las Artes Sonoras &#8211; CMMAS hemos decidido reflexionar sobre la relaci\u00f3n entre producci\u00f3n art\u00edstica y tecnolog\u00eda, centr\u00e1ndonos en la diversidad de manifestaciones de di- cha relaci\u00f3n en las artes musicales y sonoras.","distributor_meta":false,"distributor_terms":false,"distributor_media":false,"distributor_original_site_name":"Revista F-ILIA - Investigaci\u00f3n, Arte y Memoria","distributor_original_site_url":"https:\/\/ilia.uartes.edu.ec\/f-ilia\/en","push-errors":false,"_links":{"self":[{"href":"https:\/\/ilia.uartes.edu.ec\/f-ilia\/en\/wp-json\/wp\/v2\/wpdmpro\/122","targetHints":{"allow":["GET"]}}],"collection":[{"href":"https:\/\/ilia.uartes.edu.ec\/f-ilia\/en\/wp-json\/wp\/v2\/wpdmpro"}],"about":[{"href":"https:\/\/ilia.uartes.edu.ec\/f-ilia\/en\/wp-json\/wp\/v2\/types\/wpdmpro"}],"author":[{"embeddable":true,"href":"https:\/\/ilia.uartes.edu.ec\/f-ilia\/en\/wp-json\/wp\/v2\/users\/1"}],"replies":[{"embeddable":true,"href":"https:\/\/ilia.uartes.edu.ec\/f-ilia\/en\/wp-json\/wp\/v2\/comments?post=122"}],"version-history":[{"count":0,"href":"https:\/\/ilia.uartes.edu.ec\/f-ilia\/en\/wp-json\/wp\/v2\/wpdmpro\/122\/revisions"}],"wp:featuredmedia":[{"embeddable":true,"href":"https:\/\/ilia.uartes.edu.ec\/f-ilia\/en\/wp-json\/wp\/v2\/media\/118"}],"wp:attachment":[{"href":"https:\/\/ilia.uartes.edu.ec\/f-ilia\/en\/wp-json\/wp\/v2\/media?parent=122"}],"wp:term":[{"taxonomy":"wpdmcategory","embeddable":true,"href":"https:\/\/ilia.uartes.edu.ec\/f-ilia\/en\/wp-json\/wp\/v2\/wpdmcategory?post=122"},{"taxonomy":"wpdmtag","embeddable":true,"href":"https:\/\/ilia.uartes.edu.ec\/f-ilia\/en\/wp-json\/wp\/v2\/wpdmtag?post=122"}],"curies":[{"name":"wp","href":"https:\/\/api.w.org\/{rel}","templated":true}]}}

<p>Para el presente número de F-ILIA, producido en colaboración con el Centro Mexicano para la Música y las Artes Sonoras &#8211; CMMAS hemos decidido reflexionar sobre la relación entre producción artística y tecnología, centrándonos en la diversidad de manifestaciones de di- cha relación en las artes musicales y sonoras.</p>

Para el presente número de F-ILIA, producido en colaboración con el Centro Mexicano para la Música y las Artes Sonoras &#8211; CMMAS hemos decidido reflexionar sobre la relación entre producción artística y tecnología, centrándonos en la diversidad de manifestaciones de di- cha relación en las artes musicales y sonoras.

Revista F-ILIA - Investigación, Arte y Memoria
